 + 12 + v. Calculate r(0).
12
Let u(v) be the third derivative of -v**4/8 + v**3/6 - 3*v**2. Let g(d) = -2*d. Let q(a) = -5*g(a) + 4*u(a). Let y be 2 - (-3 + 1 + -1). Give q(y).
-6
Suppose -3*b - 3 = -2*c - 0*b, 3*b + 6 = 3*c. Suppose 0 = c*w + 7 + 5. Let z(k) = -k**3 - 3*k**2 + 2*k + 1. Calculate z(w).
9
Let q(x) = -x**3 + 5*x**2 - 2*x - 5. Let d be q(4). Let g(c) = -c - 6. Let a be g(-8). Let i(h) = -2*h + 1 + 3*h + a. Calculate i(d).
6
Let k(q) be the first derivative of -q**3/3 + 4*q**2 - 8*q - 1. Suppose 4*m - 2*m = -3*i + 10, 5*i = 0. Suppose -29 = -4*f - m. Determine k(f).
4
Let z(y) = 10*y - 20. Let h(t) = -2*t + 5. Let w(a) = 9*h(a) + 2*z(a). Determine w(-5).
-5
Suppose -3*u = -2*u. Suppose -3*y - y = u. Let c(n) = y + 4 - n - 1. Calculate c(-4).
7
Let l(f) = 7*f**2 + f + 1. Let c = -7 - -11. Suppose 5*g + 3 = -2*p, 3 + 1 = c*p. What is l(g)?
7
Let t = 45/2 + -22. Let a(r) be the second derivative of t*r**3 + r + 0*r**2 + 0 + 1/3*r**4 + 1/10*r**5. What is a(-2)?
-6
Let g(h) be the second derivative of 1/2*h**2 + 2*h + 2/3*h**3 + 0 - 1/6*h**4. Give g(3).
-5
Let d(o) be the second derivative of o**3/3 + 3*o**2 - 4*o. Let m be d(-3). Let p(j) = -j + 15. Calculate p(m).
15
Let c(f) = -f**3 + 6*f**2 - 2*f + 6. Let m be 18/(-5)*15/(-9). Calculate c(m).
-6
Suppose 5*d + s + 43 = 0, -4*d - 2 = -3*d - 2*s. Let t(z) = z**3 + 9*z**2 + 9*z + 2. Determine t(d).
-6
Let s(u) be the first derivative of -u**4/2 - u - 3. Let c(p) = p + 8. Let l be c(-6). Let j(w) = w**3 - w**2 - w - 1. Let m be j(l). Calculate s(m).
-3
Suppose -4*v + 2*m + 4 + 20 = 0, -5*m = -2*v + 20. Let i(a) = -2*a + 1. Determine i(v).
-9
Suppose 4*j = -5*i - 0*i + 4, -3*i - 2*j = -4. Let q(k) = 2*k + 2. Give q(i).
10
Let s(p) = p**2 - 3*p - 1. Let a(z) = -10*z - 4. Let q be a(11). Let m be (-2)/9 - q/27. Calculate s(m).
3
Let x(d) = d**3 - d**2 - 9. Let b be (-1)/4 + (-2)/(-8). Give x(b).
-9
Let h(j) = j + 5. Let z be h(-4). Suppose 9 = 5*s - 1. Let b(p) = 3*p**s - 6*p**2 - p**2. Calculate b(z).
-4
Let v(f) = 3 + f**2 - 4 - 6 + 0 + 5*f. Calculate v(-7).
7
Let v(i) = 3*i - 2*i + 43 - 33. Give v(-5).
5
Let z be (-4)/14 + 4/14. Suppose 4*b - 33 = -5*q, q + z*b - 9 = -2*b. Let w(i) = 5*i - q*i - 4 - 2*i + 9. Calculate w(4).
-3
Let h(q) = -q**2 - 14*q - 2 - 2*q**2 + 16*q. Let d(p) = -2*p**2 + p - 2. Let z(s) = -5*d(s) + 4*h(s). Determine z(3).
-7
Let r(w) = w**3 - w**2 - 2*w - 1. Let u(h) = 2*h + 9. Let i(f) = -f**2 + 10*f + 6. Let b be i(11). Let m be u(b). Determine r(m).
-1
Let j be -9*(-6)/(-27)*3. Let q = -5 - j. Let v(p) = -10*p. Calculate v(q).
-10
Let f = 131 + -135. Let m(t) be the second derivative of t**7/2520 + t**6/240 - t**5/30 - t**4/12 + t. Let b(z) be the third derivative of m(z). What is b(f)?
0
Let g(k) = k**3 - 6 + 5*k**2 - 246*k + 490*k - 244*k. Give g(-5).
-6
Let n(g) = -12*g + 5. Let y(h) = -17*h + 9. Let o(f) = 16*f - 8. Let i(c) = -5*o(c) - 4*y(c). Let z(r) = -6*i(r) + 5*n(r). Determine z(-1).
-11
Let s(l) = -3*l - 8. Let m(j) be the first derivative of -j**2/2 - 3*j - 2. Let p(k) = -17*m(k) + 6*s(k). Let o = 0 - 0. Determine p(o).
3
Let o(l) = l**2 + 3*l. Suppose 4*m = -12 - 0. Calculate o(m).
0
Let m(b) = -b**2 - 10*b - 12. Let s be m(-8). Let c(y) = y + 2 - 2. Give c(s).
4
Let f(z) be the third derivative of 1/24*z**4 - 1/60*z**5 + 0 + 0*z + z**2 - 7/6*z**3 + 1/120*z**6. Determine f(0).
-7
Let x(d) be the third derivative of 0*d - 1/120*d**6 + 1/12*d**4 + 0 - 1/60*d**5 - 2*d**2 + 0*d**3. Determine x(-2).
0
Let l(u) be the first derivative of u**4/4 + 4*u**3 - 11*u + 69. What is l(-12)?
-11
Let t(y) = -y**2 + 2*y - 4. Suppose 20 = s - 2*i, -s + 2*i = -5*s + 70. Suppose -4*w + s = -w. Let j be w/4*(-2)/(-1). Determine t(j).
-7
Let r(x) = 2*x**3 - 3*x**2 + 3*x - 2. Suppose 15 = 5*t + y, -2*t = -2*y + 9 - 3. What is r(t)?
8
Let f(w) = -w**2 - 8*w + 42. Let u be f(-12). Let x(n) = n**2 + 2*n - 1. Calculate x(u).
23
Suppose 6 = 3*a + 27. Let b = 9 + a. Let j(w) = -w + 9*w + 0*w**b + w**3 - 6*w**2 - 7 + 0*w**2. What is j(5)?
8
Let a be ((-11)/(-22))/((-2)/(-4)). Let t(x) = 5*x + 1. Give t(a).
6
Let t(j) = j - 2. Suppose 4*m - b = 3*b + 52, 47 = 5*m + b. Suppose 2*x + m = 4*x. Let n(c) = c**2 - 4*c - 3. Let u be n(x). Determine t(u).
0
Let v be 2*1 - (1 - 3). Suppose -2*n = 4*w + 3 - 13, -w + v*n = -16. Let r(g) = 3*g - 2*g + w - 5. Determine r(-3).
-4
Let h(j) = j**3 - 2*j**2 - 5*j + 2. Let i(k) = -5*k**3 + 10*k**2 + 26*k - 10. Let p(b) = 11*h(b) + 2*i(b). Calculate p(3).
2
Let k(o) = -o**3 - 3*o**2 + o - 1. Suppose 3*d + 3*n = -9, -4*d = -5*d - 3*n - 3. Determine k(d).
-4
Let q(m) be the second derivative of m**4/6 + 2*m**3/3 - m**2/2 - 12*m. Determine q(-3).
5
Let v(r) = -12*r - 1. Let u(h) = 23*h + 2. Let p(j) = -6*u(j) - 11*v(j). Let w(z) = -z + 3. Let l be w(6). Let n be l/12 + 3/(-4). Determine p(n).
5
Let i(b) = -5*b**3 - 2*b**2 + 7*b - 11. Let q(f) = 9*f**3 + 4*f**2 - 13*f + 20. Let p(t) = 11*i(t) + 6*q(t). Determine p(3).
-13
Let v(n) = n**2 - n + 3. Suppose -3*p - 27 = -3*g, -p = p + 6. Suppose -2*d + g*d - 16 = 0. Let m = d - 4. What is v(m)?
3
Let x(j) = j**3 - 7*j**2 + 5*j + 5. Let f(d) = 3*d - 8. Let p(l) = -3*l + 7. Let b(s) = -4*f(s) - 5*p(s). Let m be b(3). What is x(m)?
-1
Let v(k) = 5 - 7 - 12*k + 0. What is v(-2)?
22
Suppose -4*g + 2 = 3*o, 11 = 2*o + 3*o - g. Let t(h) = -h + 6. Let r(u) = u - 7. Let w(p) = 5*r(p) + 6*t(p). Give w(o).
-1
Let l(n) = -2*n**2 - 2*n. Suppose 4*v = -2*a - v - 9, 5*v = 4*a + 3. Calculate l(a).
-4
Suppose -2*b = -6*b. Suppose 0*a - 5*a + 5 = b. Let t be 3*(1/3)/a. Let d(l) = l**3 + l**2. Give d(t).
2
Let p(h) = -5*h + 5. Let z(o) = -o + 1. Let t(b) = 2*p(b) - 9*z(b). What is t(-5)?
6
Let i(z) = 4 - 134*z**3 - 13 + 7*z**2 + 133*z**3 + z. What is i(7)?
-2
Let v be 6/(-4)*22/(-3). Suppose -v*d + 10*d + 1 = 0. Let u(z) = 5*z**3 - z**2. What is u(d)?
4
Let d(v) be the third derivative of -v**5/60 + 3*v**4/8 - 5*v**3/6 - 5*v**2. Determine d(7).
9
Let f = -1 - -2. Let n(v) = 2*v + 1. Let b be n(f). Let g(o) = 2*o**2 - 3*o**2 - 3 + 6 + o. Give g(b).
-3
Let j(n) = -7*n - 2. Let u(h) = h**3 - 6*h**2 - h + 4. Let v be u(6). What is j(v)?
12
Let n(k) be the first derivative of 3*k**3 - k**2/2 + k + 1. Let m(r) = -r - 1. Let o be m(-3). Suppose 2*x + 0*b = -b - 1, o*x - 8 = 2*b. Calculate n(x).
9
Let v = -18 - -19. Let w be -4 + v - (-1 - 2). Let m(c) = c - 3. Determine m(w).
-3
Let z(h) be the third derivative of -17*h**7/5040 + h**5/20 + h**2. Let y(m) be the third derivative of z(m). What is y(1)?
-17
Let q be (12/(-8))/(-1)*-2*1. Let h(i) = -6*i - 2. Determine h(q).
16
Let d = -12 - -7. Let u(w) be the second derivative of w**3/3 + 3*w**2 - w. Let s be u(d). Let i(o) = o + 1. What is i(s)?
-3
Let d = -6 + 7. Let i(k) = d + k - k**2 + k**3 + 3*k + 7*k**2 + 1. Suppose -5*x - 28 = -3*q, -4*q - 1 + 5 = 0. Give i(x).
7
Suppose 3*u = -5*h + 30, 2*u + 3*u = -4*h + 37. Let i(q) be the third derivative of -q**4/8 - 8*q**2. What is i(h)?
-9
Let x(d) = d**2 + 2*d + 1. Let o be x(-4). Let j = o + -15. Let b(t) = -2*t - 9. Let f be b(j). Let w(i) = i**3 - 5*i**2 + 5*i - 2. Give w(f).
-5
Let f(y) = -2*y**3 + 3*y**2 + y - 2. Suppose -6*g + 6 = -3*g. Determine f(g).
-4
Let r(d) be the first derivative of -d**4/2 + 3*d**2/2 - d - 32. Give r(2).
-11
Let z = -1 + -3. Let w = 7 + z. Let o(k) = 4 + 1 - 8*k + w*k + k**2. Give o(5).
5
Let c(o) = -o**3 - o**2 + 4*o + 1. Suppose -4 - 8 = 4*x. What is c(x)?
7
Let d be 4 + -1 + (-3 - 1). Let x(g) = g**2. Let a(i) = i**3 + 8*i**2 - 3. Let v(p) = d*a(p) + 4*x(p). Give v(-4).
3
Let w(f) = 4*f**3 - 2*f**2 + f. Let j = 17 + -25. Let r be 0 + 2 + j + 7. Determine w(r).
3
Let s(r) = -2*r + 4. Let g(u) = 5*u - 11. Let i(z) = -3*g(z) - 8*s(z). Determine i(-5).
-4
Let d(v) be the first derivative of v**2 + 7*v - 7. What is d(-5)?
-3
Let w(n) = -5*n - 2. Let t(i) = 3*i - 2. Let g be t(4). Suppose -4*s - s = -g. Give w(s).
-12
Let j be (2 + 0)/1 - (10 + -10). Let o(p) = p - 2. Calculate o(j).
0
Let v(c) = -c**3 + c - 1. Let u(l) = 7*l**2 - 8*l + 10. Let m(o) = u(o) + v(o). Give m(6).
3
Let i(u) = 1 + u - 2 - 6*u**2 - u**3 + 2*u - 2*u. What is i(-6)?
-7
Let y(t) = -t**3 - 5*t**2 - t - 7. Let p be y(-5). Let c(z) = -3*z**3 + z**2 - z - 2. Let f(s) = 4*s**3 - s**2 + 2*s + 2. Let d(n) = p*f(n) - 3*c(n). Give d(0).
2